{"id":82,"date":"2021-07-14T14:02:25","date_gmt":"2021-07-14T17:02:25","guid":{"rendered":"https:\/\/slidesites.com.br\/?page_id=82"},"modified":"2021-09-07T20:43:46","modified_gmt":"2021-09-07T23:43:46","slug":"empresa","status":"publish","type":"page","link":"https:\/\/slidesites.com.br\/index.php\/empresa\/","title":{"rendered":"empresa"},"content":{"rendered":"\t\t<div data-elementor-type=\"wp-page\" data-elementor-id=\"82\" class=\"elementor elementor-82\">\n\t\t\t\t\t\t<section class=\"elementor-section elementor-top-section elementor-element elementor-element-e0dae6f elementor-section-boxed elementor-section-height-default elementor-section-height-default\" data-id=\"e0dae6f\" data-element_type=\"section\" data-e-type=\"section\" data-settings=\"{&quot;background_background&quot;:&quot;classic&quot;}\">\n\t\t\t\t\t\t<div class=\"elementor-container elementor-column-gap-default\">\n\t\t\t\t\t<div class=\"elementor-column elementor-col-100 elementor-top-column elementor-element elementor-element-0320004\" data-id=\"0320004\" data-element_type=\"column\" data-e-type=\"column\">\n\t\t\t<div class=\"elementor-widget-wrap elementor-element-populated\">\n\t\t\t\t\t\t<div class=\"elementor-element elementor-element-e6b8d2c elementor-widget elementor-widget-heading\" data-id=\"e6b8d2c\" data-element_type=\"widget\" data-e-type=\"widget\" data-widget_type=\"heading.default\">\n\t\t\t\t<div class=\"elementor-widget-container\">\n\t\t\t\t\t<h2 class=\"elementor-heading-title elementor-size-default\">EMPRESA<\/h2>\t\t\t\t<\/div>\n\t\t\t\t<\/div>\n\t\t\t\t\t<\/div>\n\t\t<\/div>\n\t\t\t\t\t<\/div>\n\t\t<\/section>\n\t\t\t\t<section class=\"elementor-section elementor-top-section elementor-element elementor-element-60c1c5a8 elementor-section-boxed elementor-section-height-default elementor-section-height-default\" data-id=\"60c1c5a8\" data-element_type=\"section\" data-e-type=\"section\">\n\t\t\t\t\t\t<div class=\"elementor-container elementor-column-gap-default\">\n\t\t\t\t\t<div class=\"elementor-column elementor-col-100 elementor-top-column elementor-element elementor-element-747503de\" data-id=\"747503de\" data-element_type=\"column\" data-e-type=\"column\">\n\t\t\t<div class=\"elementor-widget-wrap elementor-element-populated\">\n\t\t\t\t\t\t<div class=\"elementor-element elementor-element-6006c072 elementor-widget elementor-widget-text-editor\" data-id=\"6006c072\" data-element_type=\"widget\" data-e-type=\"widget\" data-widget_type=\"text-editor.default\">\n\t\t\t\t<div class=\"elementor-widget-container\">\n\t\t\t\t\t\t\t\t\t<p>A Slide Sites nasceu com o objetivo de contribuir para o empreendedorismo no nosso pa\u00eds. Temos como princ\u00edpio trabalhar com novas tecnologias a pre\u00e7o justo pois acreditamos profundamente no quanto podemos alavancar o crescimento quando o empres\u00e1rio tem novas ideias e inicia seu plano de a\u00e7\u00e3o.<\/p><p><br><\/p>\n<p>Sabemos a import\u00e2ncia e a credibilidade que um e-mail profissional possui, e isso est\u00e1 incluso em todos os nossos planos. Al\u00e9m disso, para quem \u00e9 Profissional Liberal, Aut\u00f4nomo, MEI ou administra uma pequena empresa, ter um site bem feito aproxima os potenciais clientes e amplia resultados.<\/p><p><br><\/p>\n<p>A equipe Slide Sites trabalha de m\u00e3os dadas com o cliente facilitando a cria\u00e7\u00e3o de todo o conte\u00fado e garantindo que tudo que for importante esteja no site. Portanto, n\u00e3o se preocupe. Faremos tudo em conjunto! \u00c9 essa sinergia que nos impulsiona a seguir em frente.<\/p>\t\t\t\t\t\t\t\t<\/div>\n\t\t\t\t<\/div>\n\t\t\t\t\t<\/div>\n\t\t<\/div>\n\t\t\t\t\t<\/div>\n\t\t<\/section>\n\t\t\t\t<section class=\"elementor-section elementor-top-section elementor-element elementor-element-d51ee17 elementor-section-boxed elementor-section-height-default elementor-section-height-default\" data-id=\"d51ee17\" data-element_type=\"section\" data-e-type=\"section\">\n\t\t\t\t\t\t<div class=\"elementor-container elementor-column-gap-default\">\n\t\t\t\t\t<div class=\"elementor-column elementor-col-100 elementor-top-column elementor-element elementor-element-5aa7329\" data-id=\"5aa7329\" data-element_type=\"column\" data-e-type=\"column\">\n\t\t\t<div class=\"elementor-widget-wrap elementor-element-populated\">\n\t\t\t\t\t\t<div class=\"elementor-element elementor-element-9fa5822 elementor-widget elementor-widget-image\" data-id=\"9fa5822\" data-element_type=\"widget\" data-e-type=\"widget\" data-widget_type=\"image.default\">\n\t\t\t\t<div class=\"elementor-widget-container\">\n\t\t\t\t\t\t\t\t\t\t\t\t\t\t\t<img fetchpriority=\"high\" decoding=\"async\" width=\"750\" height=\"500\" src=\"https:\/\/slidesites.com.br\/wp-content\/uploads\/2021\/09\/empresa-1024x682.jpg\" class=\"attachment-large size-large wp-image-1216\" alt=\"\" srcset=\"https:\/\/slidesites.com.br\/wp-content\/uploads\/2021\/09\/empresa-1024x682.jpg 1024w, https:\/\/slidesites.com.br\/wp-content\/uploads\/2021\/09\/empresa-300x200.jpg 300w, https:\/\/slidesites.com.br\/wp-content\/uploads\/2021\/09\/empresa-768x512.jpg 768w, https:\/\/slidesites.com.br\/wp-content\/uploads\/2021\/09\/empresa.jpg 1280w\" sizes=\"(max-width: 750px) 100vw, 750px\" style=\"width:100%;height:66.64%;max-width:1280px\" \/>\t\t\t\t\t\t\t\t\t\t\t\t\t\t\t<\/div>\n\t\t\t\t<\/div>\n\t\t\t\t\t<\/div>\n\t\t<\/div>\n\t\t\t\t\t<\/div>\n\t\t<\/section>\n\t\t\t\t<section class=\"elementor-section elementor-top-section elementor-element elementor-element-35eb170 elementor-section-boxed elementor-section-height-default elementor-section-height-default\" data-id=\"35eb170\" data-element_type=\"section\" data-e-type=\"section\">\n\t\t\t\t\t\t<div class=\"elementor-container elementor-column-gap-default\">\n\t\t\t\t\t<div class=\"elementor-column elementor-col-100 elementor-top-column elementor-element elementor-element-aa44e35\" data-id=\"aa44e35\" data-element_type=\"column\" data-e-type=\"column\">\n\t\t\t<div class=\"elementor-widget-wrap elementor-element-populated\">\n\t\t\t\t\t\t<div class=\"elementor-element elementor-element-f7cff45 elementor-widget elementor-widget-text-editor\" data-id=\"f7cff45\" data-element_type=\"widget\" data-e-type=\"widget\" data-widget_type=\"text-editor.default\">\n\t\t\t\t<div class=\"elementor-widget-container\">\n\t\t\t\t\t\t\t\t\t<p><b>EQUIPE&nbsp;<\/b><\/p>\n<p><br><\/p>\n<p><\/p>\n<p>A Slides Sites \u00e9 composta por uma equipe de profissionais qualificados e experientes nas \u00e1reas de comunica\u00e7\u00e3o institucional, marketing estrat\u00e9gico, design, diagrama\u00e7\u00e3o, publicidade, administra\u00e7\u00e3o, programa\u00e7\u00e3o, e eventos. Cada um com sua peculiaridade, trabalham 100% remoto e utilizam as melhores ferramentas para comunica\u00e7\u00e3o interna, oferecendo solu\u00e7\u00f5es que satisfa\u00e7am os clientes.<\/p>\t\t\t\t\t\t\t\t<\/div>\n\t\t\t\t<\/div>\n\t\t\t\t\t<\/div>\n\t\t<\/div>\n\t\t\t\t\t<\/div>\n\t\t<\/section>\n\t\t\t\t<\/div>\n\t\t","protected":false},"excerpt":{"rendered":"<p>EMPRESA A Slide Sites nasceu com o objetivo de contribuir para o empreendedorismo no nosso pa\u00eds. Temos como princ\u00edpio trabalhar com novas tecnologias a pre\u00e7o justo pois acreditamos profundamente no quanto podemos alavancar o crescimento quando o empres\u00e1rio tem novas ideias e inicia seu plano de a\u00e7\u00e3o. Sabemos a import\u00e2ncia e a credibilidade que um&hellip; <a class=\"more-link\" href=\"https:\/\/slidesites.com.br\/index.php\/empresa\/\">Continuar lendo <span class=\"screen-reader-text\">empresa<\/span><\/a><\/p>\n","protected":false},"author":1,"featured_media":0,"parent":0,"menu_order":0,"comment_status":"closed","ping_status":"closed","template":"","meta":{"footnotes":""},"class_list":["post-82","page","type-page","status-publish","hentry","entry"],"yoast_head":"<!-- This site is optimized with the Yoast SEO plugin v27.1.1 - https:\/\/yoast.com\/product\/yoast-seo-wordpress\/ -->\n<title>empresa - SlideSites<\/title>\n<meta name=\"robots\" content=\"index, follow, max-snippet:-1, max-image-preview:large, max-video-preview:-1\" \/>\n<link rel=\"canonical\" href=\"https:\/\/slidesites.com.br\/index.php\/empresa\/\" \/>\n<meta property=\"og:locale\" content=\"pt_BR\" \/>\n<meta property=\"og:type\" content=\"article\" \/>\n<meta property=\"og:title\" content=\"empresa - SlideSites\" \/>\n<meta property=\"og:description\" content=\"EMPRESA A Slide Sites nasceu com o objetivo de contribuir para o empreendedorismo no nosso pa\u00eds. Temos como princ\u00edpio trabalhar com novas tecnologias a pre\u00e7o justo pois acreditamos profundamente no quanto podemos alavancar o crescimento quando o empres\u00e1rio tem novas ideias e inicia seu plano de a\u00e7\u00e3o. Sabemos a import\u00e2ncia e a credibilidade que um&hellip; Continuar lendo empresa\" \/>\n<meta property=\"og:url\" content=\"https:\/\/slidesites.com.br\/index.php\/empresa\/\" \/>\n<meta property=\"og:site_name\" content=\"SlideSites\" \/>\n<meta property=\"article:modified_time\" content=\"2021-09-07T23:43:46+00:00\" \/>\n<meta property=\"og:image\" content=\"https:\/\/slidesites.com.br\/wp-content\/uploads\/2021\/09\/empresa-1024x682.jpg\" \/>\n<meta name=\"twitter:card\" content=\"summary_large_image\" \/>\n<meta name=\"twitter:label1\" content=\"Est. tempo de leitura\" \/>\n\t<meta name=\"twitter:data1\" content=\"2 minutos\" \/>\n<script type=\"application\/ld+json\" class=\"yoast-schema-graph\">{\"@context\":\"https:\/\/schema.org\",\"@graph\":[{\"@type\":\"WebPage\",\"@id\":\"https:\/\/slidesites.com.br\/index.php\/empresa\/\",\"url\":\"https:\/\/slidesites.com.br\/index.php\/empresa\/\",\"name\":\"empresa - SlideSites\",\"isPartOf\":{\"@id\":\"https:\/\/slidesites.com.br\/#website\"},\"primaryImageOfPage\":{\"@id\":\"https:\/\/slidesites.com.br\/index.php\/empresa\/#primaryimage\"},\"image\":{\"@id\":\"https:\/\/slidesites.com.br\/index.php\/empresa\/#primaryimage\"},\"thumbnailUrl\":\"https:\/\/slidesites.com.br\/wp-content\/uploads\/2021\/09\/empresa-1024x682.jpg\",\"datePublished\":\"2021-07-14T17:02:25+00:00\",\"dateModified\":\"2021-09-07T23:43:46+00:00\",\"breadcrumb\":{\"@id\":\"https:\/\/slidesites.com.br\/index.php\/empresa\/#breadcrumb\"},\"inLanguage\":\"pt-BR\",\"potentialAction\":[{\"@type\":\"ReadAction\",\"target\":[\"https:\/\/slidesites.com.br\/index.php\/empresa\/\"]}]},{\"@type\":\"ImageObject\",\"inLanguage\":\"pt-BR\",\"@id\":\"https:\/\/slidesites.com.br\/index.php\/empresa\/#primaryimage\",\"url\":\"https:\/\/slidesites.com.br\/wp-content\/uploads\/2021\/09\/empresa.jpg\",\"contentUrl\":\"https:\/\/slidesites.com.br\/wp-content\/uploads\/2021\/09\/empresa.jpg\",\"width\":1280,\"height\":853},{\"@type\":\"BreadcrumbList\",\"@id\":\"https:\/\/slidesites.com.br\/index.php\/empresa\/#breadcrumb\",\"itemListElement\":[{\"@type\":\"ListItem\",\"position\":1,\"name\":\"In\u00edcio\",\"item\":\"https:\/\/slidesites.com.br\/\"},{\"@type\":\"ListItem\",\"position\":2,\"name\":\"empresa\"}]},{\"@type\":\"WebSite\",\"@id\":\"https:\/\/slidesites.com.br\/#website\",\"url\":\"https:\/\/slidesites.com.br\/\",\"name\":\"SlideSites\",\"description\":\"\",\"potentialAction\":[{\"@type\":\"SearchAction\",\"target\":{\"@type\":\"EntryPoint\",\"urlTemplate\":\"https:\/\/slidesites.com.br\/?s={search_term_string}\"},\"query-input\":{\"@type\":\"PropertyValueSpecification\",\"valueRequired\":true,\"valueName\":\"search_term_string\"}}],\"inLanguage\":\"pt-BR\"}]}<\/script>\n<!-- \/ Yoast SEO plugin. -->","yoast_head_json":{"title":"empresa - SlideSites","robots":{"index":"index","follow":"follow","max-snippet":"max-snippet:-1","max-image-preview":"max-image-preview:large","max-video-preview":"max-video-preview:-1"},"canonical":"https:\/\/slidesites.com.br\/index.php\/empresa\/","og_locale":"pt_BR","og_type":"article","og_title":"empresa - SlideSites","og_description":"EMPRESA A Slide Sites nasceu com o objetivo de contribuir para o empreendedorismo no nosso pa\u00eds. Temos como princ\u00edpio trabalhar com novas tecnologias a pre\u00e7o justo pois acreditamos profundamente no quanto podemos alavancar o crescimento quando o empres\u00e1rio tem novas ideias e inicia seu plano de a\u00e7\u00e3o. Sabemos a import\u00e2ncia e a credibilidade que um&hellip; Continuar lendo empresa","og_url":"https:\/\/slidesites.com.br\/index.php\/empresa\/","og_site_name":"SlideSites","article_modified_time":"2021-09-07T23:43:46+00:00","og_image":[{"url":"https:\/\/slidesites.com.br\/wp-content\/uploads\/2021\/09\/empresa-1024x682.jpg","type":"","width":"","height":""}],"twitter_card":"summary_large_image","twitter_misc":{"Est. tempo de leitura":"2 minutos"},"schema":{"@context":"https:\/\/schema.org","@graph":[{"@type":"WebPage","@id":"https:\/\/slidesites.com.br\/index.php\/empresa\/","url":"https:\/\/slidesites.com.br\/index.php\/empresa\/","name":"empresa - SlideSites","isPartOf":{"@id":"https:\/\/slidesites.com.br\/#website"},"primaryImageOfPage":{"@id":"https:\/\/slidesites.com.br\/index.php\/empresa\/#primaryimage"},"image":{"@id":"https:\/\/slidesites.com.br\/index.php\/empresa\/#primaryimage"},"thumbnailUrl":"https:\/\/slidesites.com.br\/wp-content\/uploads\/2021\/09\/empresa-1024x682.jpg","datePublished":"2021-07-14T17:02:25+00:00","dateModified":"2021-09-07T23:43:46+00:00","breadcrumb":{"@id":"https:\/\/slidesites.com.br\/index.php\/empresa\/#breadcrumb"},"inLanguage":"pt-BR","potentialAction":[{"@type":"ReadAction","target":["https:\/\/slidesites.com.br\/index.php\/empresa\/"]}]},{"@type":"ImageObject","inLanguage":"pt-BR","@id":"https:\/\/slidesites.com.br\/index.php\/empresa\/#primaryimage","url":"https:\/\/slidesites.com.br\/wp-content\/uploads\/2021\/09\/empresa.jpg","contentUrl":"https:\/\/slidesites.com.br\/wp-content\/uploads\/2021\/09\/empresa.jpg","width":1280,"height":853},{"@type":"BreadcrumbList","@id":"https:\/\/slidesites.com.br\/index.php\/empresa\/#breadcrumb","itemListElement":[{"@type":"ListItem","position":1,"name":"In\u00edcio","item":"https:\/\/slidesites.com.br\/"},{"@type":"ListItem","position":2,"name":"empresa"}]},{"@type":"WebSite","@id":"https:\/\/slidesites.com.br\/#website","url":"https:\/\/slidesites.com.br\/","name":"SlideSites","description":"","potentialAction":[{"@type":"SearchAction","target":{"@type":"EntryPoint","urlTemplate":"https:\/\/slidesites.com.br\/?s={search_term_string}"},"query-input":{"@type":"PropertyValueSpecification","valueRequired":true,"valueName":"search_term_string"}}],"inLanguage":"pt-BR"}]}},"_links":{"self":[{"href":"https:\/\/slidesites.com.br\/index.php\/wp-json\/wp\/v2\/pages\/82","targetHints":{"allow":["GET"]}}],"collection":[{"href":"https:\/\/slidesites.com.br\/index.php\/wp-json\/wp\/v2\/pages"}],"about":[{"href":"https:\/\/slidesites.com.br\/index.php\/wp-json\/wp\/v2\/types\/page"}],"author":[{"embeddable":true,"href":"https:\/\/slidesites.com.br\/index.php\/wp-json\/wp\/v2\/users\/1"}],"replies":[{"embeddable":true,"href":"https:\/\/slidesites.com.br\/index.php\/wp-json\/wp\/v2\/comments?post=82"}],"version-history":[{"count":18,"href":"https:\/\/slidesites.com.br\/index.php\/wp-json\/wp\/v2\/pages\/82\/revisions"}],"predecessor-version":[{"id":1219,"href":"https:\/\/slidesites.com.br\/index.php\/wp-json\/wp\/v2\/pages\/82\/revisions\/1219"}],"wp:attachment":[{"href":"https:\/\/slidesites.com.br\/index.php\/wp-json\/wp\/v2\/media?parent=82"}],"curies":[{"name":"wp","href":"https:\/\/api.w.org\/{rel}","templated":true}]}}